 - -51. Suppose 224 - 28 = i*o. What is the highest common divisor of 28 and o?
28
Let s be 7 + (-1)/(-5)*5. Let f(k) = k**2 + 7*k - 20. Let y be f(-11). Calculate the greatest common factor of s and y.
8
Let a(f) = 9 + f - 2*f - 2. Let p be a(-3). What is the highest common factor of 80 and p?
10
Let q(k) be the second derivative of 7*k**4/12 + k**3/2 - k**2 - 24*k. Let b be q(1). What is the greatest common divisor of 8 and b?
8
Suppose 0 = -4*v - w + 54, 5*v - 2*w - 41 = 33. Let y(h) = 4*h - 20. Let t be y(v). What is the greatest common divisor of 4 and t?
4
Suppose 2*z = 4*r + 142, -16*z + 20*z - 296 = 4*r. Let v be 58/8 + (-2)/8. What is the highest common divisor of z and v?
7
Let x = -312 + 319. What is the greatest common divisor of 56 and x?
7
Suppose -3*z = 2*x + 42 - 110, -148 = -5*x - 2*z. Calculate the greatest common factor of x and 126.
14
Suppose -2*n + 5*w - 9 = 14, -4*n + 5*w - 31 = 0. Let u be 14*(1 + (0 - n)). Calculate the highest common factor of 10 and u.
10
Suppose -7*x + 12*x = 3600. Suppose -3*i - 13*i + x = 0. What is the greatest common divisor of 30 and i?
15
Suppose 3*l - 3*m = 147, -108 = -2*l - 0*l + 4*m. Suppose 29*s + 4*b = 28*s + 7, 5*b = s - 16. What is the greatest common divisor of l and s?
11
Let m = 29 - 28. Suppose -d + 7 = -m. Calculate the greatest common divisor of d and 12.
4
Let w be -105*-1*(-1)/(-3). Let q be 1 + (-46)/(-5) - (-4)/(-20). What is the greatest common factor of q and w?
5
Suppose -v + 1 + 61 = 0. Let f = 73 - v. Suppose 0 = -2*i - 2*i + 484. What is the greatest common factor of i and f?
11
Suppose -1 = 2*h - 4*z + z, 5*h = -3*z + 29. Let o be 15/30 - 9/(-6). Calculate the highest common factor of o and h.
2
Suppose 72*a - 78 = 210. Calculate the highest common divisor of 35 and a.
1
Suppose r - 76 = -3*x - 2*x, 0 = r - 5*x - 56. Let k be (192/(-5))/(-6) + (-8)/20. Calculate the highest common factor of k and r.
6
Suppose -11*f = -9*f + 40. Let b = 34 + f. What is the highest common divisor of 126 and b?
14
Suppose -68*f + 57*f + 44 = 0. Suppose 3*d - 55 = -5*r, 2*r - 45 = -5*d + 3*r. Calculate the greatest common factor of f and d.
2
Suppose -k = 2, 2*w - 46*k = -49*k + 5146. What is the greatest common divisor of w and 112?
112
Let n(k) = 9*k**2 + 30*k. Let o be n(-6). What is the highest common factor of o and 90?
18
Let c(s) be the second derivative of s**4/12 - s**3 - 2*s**2 + 20*s. Let y be c(10). Calculate the greatest common factor of y and 54.
18
Let a be (-540)/(-39) + 14/91. Calculate the highest common divisor of 42 and a.
14
Let x(c) = -c**3 - 10*c**2 - 9*c + 5. Let o be x(-9). Suppose -o*i + 202 + 38 = 0. What is the highest common divisor of 32 and i?
16
Let b be -9 + 11 - (-1 + 1). Suppose b*o = 38 + 622. What is the highest common divisor of o and 33?
33
Suppose 5*i + 2*l = 126, 2*i - 3*i - 4*l = -36. Let b be 58/(-6) - 8/i. Let u = b - -11. Calculate the greatest common divisor of 5 and u.
1
Suppose -q - 3 = -2*q. Suppose -3*u + 3 = q*a, 2 + 0 = 2*u. Suppose a = -0*l + 5*l - 90. Calculate the greatest common divisor of l and 18.
18
Let f(u) = u - 10. Let d be f(12). Suppose 2*g + s + d*s = -357, 711 = -4*g - 5*s. Let j = -31 - g. What is the greatest common divisor of j and 13?
13
Let l be (-3)/((-282)/93 - -3). Suppose 12 = k - 4*k - 3*r, 0 = -5*r - 10. Let d be -4*k/8*31. Calculate the highest common divisor of l and d.
31
Let a be 1*58 - 2 - 1. Suppose -145 = 3*k - 22. Let d = -30 - k. Calculate the highest common factor of a and d.
11
Let r = -3 - -31. Let h(u) = -u**2 - 15*u - 12. Let w be h(-9). What is the highest common divisor of r and w?
14
Suppose -4*o + 3708 = -29*a + 31*a, 0 = -4*o + 3*a + 3718. Calculate the greatest common factor of o and 32.
32
Suppose 3*u - 68 = u. Suppose 5*n - 3*m = 284, -4*n + 205 = 2*m + 3*m. Let p = n - u. What is the highest common factor of p and 189?
21
Suppose -48*l = -50*l + 558. Calculate the greatest common factor of l and 9.
9
Let o(c) be the third derivative of 5*c**4/24 - 11*c**3/3 + 30*c**2. Let h be o(9). Calculate the greatest common factor of h and 23.
23
Suppose -4*x + 0 + 108 = 0. Let a = x - 23. Suppose -2 = -2*j, 22 = 3*y + 3*j - 5. What is the highest common divisor of y and a?
4
Suppose 0 = -2*u + 3*u - 11. Let l = u - -3. Let r(m) = -12*m + 34. Let z be r(-10). What is the highest common factor of l and z?
14
Let b = 2100 - 1225. Suppose 4*d - 11*d = -b. What is the greatest common factor of d and 5?
5
Let f be (116 - 2) + -2 + (5 - 7). What is the greatest common divisor of f and 77?
11
Suppose -c = -b - 11, -5*c + 0*b = 3*b - 47. Suppose 15 - 45 = -d. Suppose d = 2*t - 30. What is the greatest common divisor of c and t?
10
Suppose -291 = -10*x + 299. What is the greatest common factor of 1 and x?
1
Let j(m) = 6*m - 5. Let r be j(1). Suppose 0 = 5*t + 15, -2*t = 5*y - 3 + 4. What is the highest common divisor of r and y?
1
Let j be (-8 + 18)*1 - 3. What is the greatest common divisor of j and 28?
7
Let p = 11 + -6. Let a = -66 + 115. Suppose a + 11 = p*q. What is the highest common divisor of q and 72?
12
Let b be ((-17)/((-136)/24))/((-1)/(-13)). Calculate the highest common divisor of 208 and b.
13
Suppose -60*x = -59*x - 20. Let i = 41 - x. What is the highest common factor of i and 14?
7
Let l be 16 + (-3 - -3)/(-1) - -2. Let q = 318 + -461. Let x = -98 - q. Calculate the highest common divisor of l and x.
9
Suppose 96 = 9*r - 5*r. Let i be r*4/(-6)*-1. Suppose 0*z + i = 2*d - 3*z, 4*z = -d - 3. What is the highest common divisor of 15 and d?
5
Let g(k) = -17*k - 8. Let j = 39 + -44. Let x be g(j). Let c(p) = 5*p - 3. Let u be c(2). Calculate the greatest common divisor of u and x.
7
Let g be 7 + (-187)/22 - (-11)/2. What is the highest common divisor of 88 and g?
4
Suppose -5*s = 2*q - 190, 5 + 46 = s + 3*q. Calculate the greatest common factor of s and 60.
12
Let t(x) = -37*x + 243. Let a be t(6). Suppose -8*u + 5*u = -378. What is the greatest common factor of u and a?
21
Let c(t) = -t**3 + 11*t**2 - 7*t + 2. Let d be c(9). Let j = d - 76. Calculate the greatest common divisor of 275 and j.
25
Suppose 3*z = 5*z - 42. Let f = 11 - z. Let i = f - -54. Calculate the greatest common divisor of i and 110.
22
Let g = -113 - -128. Calculate the highest common divisor of g and 375.
15
Let a be 16*(21/6 + -2). Suppose 0 = -l - 4, 4*l + a = 2*h - l. Let t be -1 - h - (-17 - -2). Calculate the highest common divisor of 12 and t.
12
Let n = 1 + 0. Let s(i) = 31*i**2 + 2*i - 1. Let f be s(n). Let v = -62 - -66. What is the greatest common divisor of f and v?
4
Suppose 17*j = 11*j + 60. Calculate the highest common factor of j and 230.
10
Let p(r) = -r**3 + r**2 + 7*r. Let b(k) = -k**2 - k. Let h(n) = -6*b(n) - p(n). Let l be h(-5). Calculate the highest common divisor of 45 and l.
5
Suppose 207 = 2*c + c. Let m be 6/18*-4*((-5865)/(-20))/(-17). Calculate the highest common divisor of c and m.
23
Let n be ((-6)/(-8)*8)/((-12)/(-640)). What is the greatest common factor of 880 and n?
80
Suppose -2546 = -37*v + 9405. What is the greatest common divisor of v and 95?
19
Suppose -12*c = 405 - 1461. Let s be (-20)/50 + (-114)/(-10). Calculate the greatest common factor of c and s.
11
Let w = -10 + 16. Let a = -120 - -16. Let t be (-6)/(-9) + a/(-6). Calculate the highest common factor of t and w.
6
Suppose -5*o = -2*o. Let s = o + -19. Let q = -15 - s. What is the highest common divisor of 4 and q?
4
Suppose -2 - 4 = 3*l. Let z(s) = 7*s**2 + 2*s + 1. Let x be z(l). Suppose 5*p - 3*q - 3 = 41, 3*p - 2*q - 26 = 0. What is the highest common divisor of x and p?
5
Let v = -446 - -462. What is the greatest common divisor of 208 and v?
16
Let t be ((-16)/4 - -2)*54/(-3). Let k = -60 + 42. Let i = 42 + k. Calculate the greatest common factor of t and i.
12
Suppose -5*p - 180 = -8*p. Let y = 4 + 0. Suppose -3*x + 11 = -3*v - 10, 0 = y*x + 2*v - 22. What is the greatest common factor of x and p?
6
Suppose -3*l + 1050 = 4*l. Calculate the highest common divisor of 75 and l.
75
Let r(f) = 26*f - 37. Let l be r(6). Let o = -17 - -34. Calculate the greatest common factor of o and l.
17
Let p(v) = -v**3 + 16*v**2 + 20*v + 19. Let w = 5 - -12. Let i be p(w). What is the highest common factor of i and 10?
10
Suppose 0 = -14*j +